 of o?
8
What is the tens digit of -76*(12/(-2))/6?
7
Let j = 26 - 70. What is the units digit of (-1529)/j + 1/(-4)*-1?
5
Let t = 2213 + -1478. What is the units digit of t?
5
Suppose -42 + 6 = 6*s. What is the units digit of 9/s - (-1698)/12?
0
Let o(u) = u + 20. Suppose 0 = 10*z - 7*z + 30. What is the units digit of o(z)?
0
Suppose 2*r = 7*r. Suppose n + 1 = 2*t, r*t + 4 = -t - 4*n. Suppose 8 + 175 = 5*m + 4*u, -5*u + 10 = t. What is the units digit of m?
5
Let d = 1627 + -883. What is the tens digit of d?
4
Let n(b) be the second derivative of -b**5/10 + b**3/3 - b**2/2 + 4*b. What is the tens digit of n(-3)?
4
Let u(b) = b**2 + 10. Let m be u(0). Let g = -7 + m. Suppose 0 = p + g*p - 52. What is the units digit of p?
3
Let y be 1/1 + (-3237)/(-3). Suppose y = -8*i + 16*i. What is the tens digit of i?
3
Let r = 5206 + -617. What is the units digit of r?
9
Let b(l) = -1 - 1 + 19*l + 12*l - 35*l + 10*l**2. What is the tens digit of b(-1)?
1
Let r = -1701 + 3536. What is the hundreds digit of r?
8
Suppose -10 = -5*j, a + 393 = j + 2353. What is the tens digit of a?
6
Let s be (-4)/(-6)*(1 + -19). Let l(x) = 2*x + 15. Let n be l(s). What is the units digit of 0/n - (1 + -10)?
9
Let i = -4 + -221. Let u = 433 + i. What is the units digit of u?
8
Suppose 0 = -9*k + 5841 - 855. What is the hundreds digit of k?
5
Let f = -31 + 52. Suppose -2*o + f + 51 = 0. Suppose -o = -d - 5*d. What is the units digit of d?
6
Let n(t) = 2*t**2 - 166*t + 40. What is the tens digit of n(-20)?
6
Let w = -684 + 1194. What is the hundreds digit of w?
5
Let w = 362 + -88. What is the tens digit of w?
7
Let f be (-2)/(-11) - (-978)/66. Suppose c = -c - 4*l - 18, 5*c - 5*l = f. What is the units digit of (-66)/22 + c + 14?
0
Let g(q) be the third derivative of q**5/60 + 3*q**3/2 - q**2. What is the hundreds digit of g(11)?
1
Suppose 0 = -d + 128 + 1. Let l = d - 318. What is the tens digit of (-2)/4 + l/(-6)?
3
Suppose -5*u - 6570 + 15979 = -2*b, -1880 = -u + b. What is the hundreds digit of u?
8
Let m(w) = w**3 - 10*w**2 - 12*w + 11. Let k be m(11). Suppose 14 + 22 = 2*q. Let l = q - k. What is the tens digit of l?
1
Suppose 5*u - 148 - 617 = 0. Suppose 0 = -4*m + 143 + u. What is the tens digit of m?
7
Let c = 32 + -2. Let s = 61 - c. What is the units digit of s?
1
Suppose -3*v + 5*n = -844 - 67, 883 = 3*v + 2*n. What is the hundreds digit of v?
2
Suppose 3*s = 7*s + 96. Let h = 16 + s. What is the units digit of (0 + 1)/(h/(-144))?
8
Suppose 0 = -15*b - 160 + 1540. What is the tens digit of b?
9
Suppose -2*o = -0*o + 12. Let g be ((-8)/o)/(20/90). Suppose -21 - g = -k. What is the tens digit of k?
2
What is the hundreds digit of (-1302)/(-4)*(-552)/(-161)?
1
Let v be (-316)/(-26) + 2/(-13). Suppose -5*u + 8 = -v. Suppose -3*f + u*c = 2*f - 24, 2*f - 3 = -5*c. What is the units digit of f?
4
Suppose 8 = -3*c + a - 7, -3*c - 4*a = 0. Let q(k) = -k**2 + 11*k + 13. Let l be q(11). Let v = c + l. What is the units digit of v?
9
Let h(g) = 18 - g**3 + 3*g**2 + 0*g**3 - 6*g**2. What is the tens digit of h(-4)?
3
Let k(x) = 102*x - 801. What is the tens digit of k(50)?
9
Suppose -h - 95 = -1430. Suppose -h = -5*f - 0*f. What is the tens digit of f/8 + (-30)/80?
3
Let g be (3 - 8)/((-15)/6). Let m(o) = -6*o**3 - o**2 - 3*o + 1. Let n be m(g). Let z = 0 - n. What is the units digit of z?
7
Suppose -9 = 3*s + 3*t, 2*s + 3*t + 21 = -2*t. Suppose 0 = 5*v + 5*p - 345, -s*v + 74 = -v + 2*p. Let q = v + -45. What is the units digit of q?
9
Let p be (3/(-9))/((-3)/441). Let j = -32 + p. What is the tens digit of j?
1
What is the units digit of (-2)/6 + 17319/9?
4
Let s(c) be the first derivative of -c**4/4 + 7*c**3/3 + 6*c**2 - 10*c - 4. Let g be s(8). Suppose 5 = -a + g. What is the units digit of a?
7
Let q be ((-330)/35)/(1/14). Let v = 192 + q. What is the tens digit of v?
6
Suppose 4*b - 393 = -a, 4*a = -4*b + 5*b + 1623. What is the hundreds digit of a?
4
Suppose 0 = 2*w + 2*w + 28. Suppose 4*x = -b + 57, -3*b = 2*x - 2*b - 29. What is the units digit of (-98)/w*12/x?
2
Let s be 40 - (0 - (-2 - -3)). Suppose -3*u = l - s, 0*l - 5*u + 43 = l. Let i = 67 - l. What is the units digit of i?
9
Let d(i) = -32*i - 7. Let a be d(-10). Suppose 4*l = a - 57. What is the tens digit of l?
6
Let d = -4117 + 6471. What is the hundreds digit of d?
3
Suppose g - 2 = 3*r - 8, 4*g = 3*r - 24. What is the tens digit of 48 - (g/24 + (-7)/4)?
5
Let z(k) = 5*k + 0*k + k**2 + 5 - 3*k. Let w be z(6). Suppose -31 = -3*f + w. What is the units digit of f?
8
Let t(v) = v**3 + 7*v**2 + 3*v - 7. Let o be (37 - 4)*(-2)/(-6). Suppose l + o = 6. What is the units digit of t(l)?
8
Suppose 6940 = -13*d + 33*d. What is the units digit of d?
7
What is the tens digit of (-16)/(-32)*(1725 - (0 + -1))?
6
Suppose -4*t + 26 = -3*w, 4*w + 2 = -4*t + 14. Suppose t*a = 4 + 11. What is the units digit of a?
3
Let b be 2/(11/((-6204)/(-8))). Let y = -8 + b. What is the units digit of y?
3
Let s(u) = u**2 - 10*u - 10. Let m be s(11). Let h(v) = 68*v + 6. What is the tens digit of h(m)?
7
Suppose 34*q - 258272 = -22*q. What is the hundreds digit of q?
6
Let s(i) = 6*i**2 + 32*i + 11. Let y = 29 - 38. What is the hundreds digit of s(y)?
2
Suppose -3*d = -t - 2054, -7*d = -9*d + 3*t + 1381. What is the hundreds digit of d?
6
What is the hundreds digit of (385 - 13)/(3/16)?
9
Let i be 2*((-6)/4 - -3). Let t(r) = 6*r + 4 + 3 + i. What is the tens digit of t(9)?
6
Let g = 643 + -288. What is the units digit of g?
5
Suppose 1866 = 4*d + 98. What is the hundreds digit of d?
4
Let h = 35 - 28. Let g(l) = l**2 + 12*l + 15. Let q be g(-11). Suppose 27 = w + 5*y, -w - q*y + h = -3*y. What is the units digit of w?
2
Let d be ((-2)/(-5))/((-2)/(-10)). Suppose -2*g = -d*f + 68, -2*g - 6 = -0. What is the units digit of f?
1
Let a(n) = -n**2 + 24*n - 31. Let i(t) = t**2 - 12*t + 20. Let z be i(11). What is the tens digit of a(z)?
0
Let o = 6 - 6. Let a(p) = -p. Let w be a(o). Suppose 5*z - z - 64 = w. What is the units digit of z?
6
Let l = 569 - 190. What is the hundreds digit of l?
3
Let l be (-369)/(-12) + (-2)/(-8). Suppose 3*d + l = 5*z, -2*z + 2 + 18 = -5*d. Suppose 4*u - u - 131 = -5*h, 0 = 5*u - z*h - 165. What is the units digit of u?
7
Suppose 0 = 12*j - 5083 - 13241. What is the hundreds digit of j?
5
Suppose 0 = 2*s - s + 4*r - 102, -3*s + 376 = -2*r. Suppose 0 = 2*c - 304 + s. What is the units digit of c?
1
Let u = 7081 - 2732. What is the tens digit of u?
4
Suppose -8*c - 16 = -f - 3*c, f - 3*c = 10. Let n(d) = 194*d**2 - 2*d - 1. What is the tens digit of n(f)?
9
Suppose 8 = 3*m - 4. What is the tens digit of 159/6*(m + 0)?
0
Suppose -8*v + 10949 = -25371. What is the hundreds digit of v?
5
Suppose 2*z = -2*r + 14, 0*z + 2*z - 14 = 2*r. Suppose -z*m = -m - 294. What is the tens digit of m?
4
Let v(i) be the first derivative of -i**2/2 - 4*i - 1. Let o be v(-2). What is the units digit of -7*o*9/3?
2
Suppose -i - 14 = -2*p, 0 = 2*p + 3*p + 2*i - 17. Suppose -4*j = a - 20, 5*a + p*j - 8 = 32. What is the tens digit of a/(-14) - 736/(-28)?
2
Let r(a) = a**3 + 3*a**2 + 2*a - 1. Let l be r(-2). Let q be -2 - (l - -9)/(-4). Suppose 5*h - 2 - 18 = q. What is the units digit of h?
4
Suppose 3*j - 3*c = 27, 5*j + 5*c - 3*c = 17. Suppose w = j*w - 8. What is the units digit of 51*(w - (-25)/(-15))?
7
Let a = -46 - -40. Let m(w) = -6*w - 3. What is the tens digit of m(a)?
3
Let s = 9326 + -3771. What is the hundreds digit of s?
5
Let h be (-28)/(-5) - 2*6/20. What is the tens digit of 12 + -11 - h*-25?
2
Let f(u) be the first derivative of -2*u**2 - 17*u + 12. Suppose 0*x + 12 = -x. What is the units digit of f(x)?
1
Let m(a) = a**3 + 11*a**2 + 6*a + 14. Let v be m(-8). Suppose 3*h - 124 = -4*d, -3*h = 2*d + 3*d - v. What is the units digit of d?
4
Suppose 4*s - 18 - 10 = 0. Suppose s = -3*k - 2. What is the tens digit of 185/3 + k/(-9)?
6
Suppose -11*h + 13*h - 201 = 3*n, 2*h = -3*n + 231. What is the hundreds digit of h?
1
Let s = -7 - -10. Suppose 2*w = r - 60, 0 = -s*r - w + 212 - 46. What is the units digit of r?
6
Suppose 23*m - 37425 = 8*m. What is the tens digit of m?
9
Suppose 9 = 8*j - 23. What is the tens digit of -22*8*j/(-4)?
7
Let k = 30 - 18. Suppose -10*n = -4*n - k. Suppose 5*b + n*c = 123, -5*c + 2*c = b - 22.